6)*3/(-2) + 50. Calculate the highest common divisor of v and j.
51
Suppose -5*b + 10*b = -2*q + 362, -2*b + q + 134 = 0. What is the greatest common divisor of b and 75?
5
Let s(p) = 52*p**2 - 3*p + 2. Let v = 330 + -329. Let d be s(v). Calculate the greatest common divisor of 34 and d.
17
Suppose -36*q = 326 + 178. Let g be q/98 - ((-3030)/(-14))/(-3). Calculate the highest common divisor of 128 and g.
8
Let c = -1320 + 1488. Calculate the greatest common divisor of 1204 and c.
28
Let o = 516 + -510. Suppose o*i = 552 - 180. Calculate the greatest common divisor of i and 2.
2
Suppose 2343 + 6152 = 2*v - 5*s, 2*v + 2*s = 8488. Calculate the highest common factor of v and 105.
15
Let n be (-214)/10 - ((-4)/5)/2. Let a be (30/n)/(17/(-238)). What is the greatest common factor of 1060 and a?
20
Suppose -20*z = -14*z + 24. Let w be 72*2/(-24)*z. Calculate the highest common divisor of 3 and w.
3
Let p = 49 - 26. Suppose p*l + 2*l = 150. Calculate the greatest common factor of l and 30.
6
Suppose 6 = 8*k - 10. Suppose -2*b + 4*p - k*p = -760, -3*p + 1555 = 4*b. Let t = b + -225. Calculate the greatest common divisor of 20 and t.
20
Let w be 1*(3/1 + -4). Let z = 53 - 89. Let y = w - z. Calculate the highest common factor of 70 and y.
35
Let a(p) = 3*p**2 - 19*p + 81. Let t be a(9). Let y = t + -147. What is the highest common divisor of y and 24?
6
Let f be (-2067)/273 + 4/7 - (-93072)/16. Calculate the highest common divisor of 5 and f.
5
Let o(p) = p**3 - p**2 + 3*p - 3. Let y be o(2). Let u be 13289/1918 + (-1)/(-14). What is the highest common divisor of u and y?
7
Let u = 45 - -7. Suppose -4*x + u = -628. Let n(t) = -t**2 + 16*t - 14. Let c be n(12). What is the greatest common factor of x and c?
34
Suppose -2*w = -6*w. Suppose -4*p + 0 = -w. Suppose 4*g - 846 = -3*z - p*g, -2*z = 4*g - 560. Calculate the greatest common divisor of z and 26.
26
Suppose -p - 12*b = -10*b - 892, 4481 = 5*p + 3*b. Let o = p + -833. Calculate the greatest common factor of o and 5.
5
Suppose -n + 12 + 68 = r, -r = -8. Calculate the highest common factor of 264 and n.
24
Let l = -2131 + 2311. What is the highest common divisor of l and 1548?
36
Let x = 1 + -1. Suppose 0 = -5*n - 4*p + 14, 4*n - 3*p + 0 = 5. Suppose -2*d = -w - w, n*d - 2 = x. Calculate the greatest common divisor of 7 and w.
1
Suppose -744 - 883 = -23*k - 799. Calculate the greatest common factor of k and 1866.
6
Suppose -3*y = 4*h + 56, 4*h - 2*y = -34 - 2. Let l(w) = -w**2 - 13*w + 18. Let g be l(h). What is the highest common divisor of g and 8?
8
Suppose -o - 252 = -4*o. Suppose -2*l = 276 + 84. Let s = l + 192. Calculate the greatest common factor of o and s.
12
Suppose 2*w - 18 - 28 = 0. Suppose -38 = -5*a - w. Let f(j) = 15*j. Let y be f(a). Calculate the highest common divisor of y and 18.
9
Let y = 7 + 5. Let q(x) = -311*x + 18. Let k be q(-5). Let u be k/26 - (-3)/(-6). What is the highest common divisor of u and y?
12
Let b(f) = f**3 + 14*f**2 + 14*f - 85. Let s be b(-10). Let r = -34 - -84. What is the highest common divisor of r and s?
25
Let b(z) = -z**3 - 85*z**2 - 138*z - 449. Let m be b(-86). What is the greatest common divisor of m and 265?
265
Let x = 346 + -235. Let c be (-4)/((-2 - -3)*(5 + -6)). Suppose -c*b + 140 = 9*q - 7*q, -4*b = -q - 152. What is the highest common factor of x and b?
37
Suppose 2*n + 51 = a, -3*a - 2*a + 3*n = -276. Let x = a + -51. Calculate the highest common factor of 66 and x.
6
Let d = 14 - -84. Let p = 88 - d. Let m be ((-176)/p)/(4/20). Calculate the greatest common divisor of m and 11.
11
Let i be (-44 - -42) + 5*1. Suppose -2772 = i*h - 10*h. Calculate the highest common factor of 11 and h.
11
Let f be 938/119 + -8 + 342/17. Suppose -f*b + 80 = -4*b. Suppose b*x + w - 83 = 0, 0*w - 66 = -4*x - w. What is the greatest common divisor of 85 and x?
17
Let y = -5727 - -5766. Let l = -12 - -6. Let j(n) = -25*n + 6. Let k be j(l). Calculate the highest common divisor of k and y.
39
Let m be ((-2956)/12*1)/(5/15). Let d = -703 - m. Let y = 102 - 12. Calculate the greatest common divisor of d and y.
18
Let k(c) = 19*c**2 - 3*c - 1. Let g be k(-2). Suppose 0 = -2*q - 13 + g. Let o be (0 - 1)*q*108/(-24). Calculate the highest common factor of o and 17.
17
Suppose 2*u - 15 = u. Let p(c) = 30*c + 12. Let y(t) = -31*t - 13. Let v(h) = -4*p(h) - 3*y(h). Let r be v(-2). What is the greatest common factor of r and u?
15
Suppose 33 = 5*g + c, 3*g - 36 = -g + 4*c. Calculate the highest common divisor of g and 3409.
7
Let n be (1 + -1 + -9)/(-1). Let s = 12156 - 12012. Calculate the highest common divisor of n and s.
9
Suppose -5*k - 23 = -3*m, 0 = m + k - 9 - 4. Suppose -8*x = -m*x + 135. Suppose 0 = 4*y - 0 - 20. Calculate the highest common divisor of x and y.
5
Suppose -17478 = 13*a - 147*a + 36122. Calculate the greatest common factor of a and 19400.
200
Suppose 4*v - 236 = l - 3*l, 0 = 2*l - v - 211. Calculate the greatest common factor of l and 999.
27
Let t(g) be the third derivative of -11/3*g**3 + 7/60*g**5 + 0*g + 0 + 7/24*g**4 + 37*g**2. Let v be t(-7). Calculate the greatest common factor of 34 and v.
34
Let m(p) = -p**3 - 15*p**2 + 14*p - 28. Let l be m(-16). Calculate the greatest common divisor of 9 and l.
1
Let z be (1 + -7)/((-2)/2). Suppose z*t = 2*t + 288. Suppose -10*n = -212 + t. Calculate the greatest common factor of 126 and n.
14
Let u(c) = c**3 + 10*c**2 - 4*c - 127. Let a be u(-7). What is the highest common factor of a and 112?
16
Suppose d - 41 = -7. Let a = -32 + d. Suppose 40 = a*z - 0*z. Calculate the highest common divisor of z and 160.
20
Suppose 4*l = r - 313 + 2136, 0 = 4*l + 2*r - 1826. What is the highest common divisor of 2907 and l?
57
Let k(q) = -6*q**3 - 39*q + q**2 + q**2 + 1 - 2*q**3 + 42*q. Let o be k(-1). Calculate the highest common divisor of 12 and o.
4
Suppose -3*i = -t - 781, 48*t - 47*t + 1042 = 4*i. Calculate the greatest common divisor of 1189 and i.
29
Suppose -122*w - 7986 = -424*w + 31274. What is the highest common divisor of 1937 and w?
13
Let y(n) = -n**2 - 2*n + 12. Let g be y(-5). Let l(k) = 10*k**2 - 5*k - 27. Let x be l(g). What is the greatest common divisor of x and 18?
6
Let i be 8 + (188/(-141))/(3/(-2007)). What is the greatest common divisor of i and 50?
50
Let b(j) = 54*j**2 + 136*j - 26. Let o be b(-6). Calculate the highest common factor of o and 266.
38
Let h be (15/5 - -210) + 0. Let w = h - 44. Suppose 12*i - w = -i. What is the highest common factor of 78 and i?
13
Let a(h) = -2*h**2 - 4*h + 1. Let d be a(4). Let q = d - -29. Let r = q - -32. What is the greatest common divisor of 2 and r?
2
Let d = 8701 - 6526. Calculate the greatest common divisor of 5 and d.
5
Let w(c) = c**2 + 3*c - 79. Let k(g) = -8*g**2 + 47*g + 16. Let x be k(6). Let j be w(x). Calculate the greatest common divisor of j and 17.
17
Let y = -2125 + 4065. Calculate the highest common divisor of y and 20.
20
Let i = -418 - -594. Let y be (2 + -3)/((-1)/11). Calculate the greatest common factor of y and i.
11
Let l(s) = -2*s**3 - 13*s**2 - 34*s - 5. Let v(q) = 2*q**2 + 17*q - 13. Let t be v(-9). Let r be l(t). Calculate the highest common divisor of r and 51.
51
Let y(d) = -d**3 - 7*d**2 - 20*d - 15. Suppose -52*i + 40 = -57*i. Let v be y(i). What is the greatest common factor of v and 11?
11
Let h(j) = -627*j + 4392. Let y be h(7). Suppose 10 = k + 4*u, 4*k - 2*k - 4*u = 8. Suppose -w - k = -3*w. What is the highest common divisor of w and y?
3
Let r = 622 - 272. Let h be (0 - 6/18)*1*-42. Calculate the highest common factor of r and h.
14
Let b(q) = 2*q**3 + 2*q**2 + 31*q - 8. Let x be b(6). What is the highest common factor of x and 286?
22
Let p(b) be the third derivative of -3*b**4/8 - 5*b**3/2 + b**2 + 9. Let o be p(-18). Calculate the greatest common factor of 42 and o.
21
Suppose 18*q - 20*q = -38. Let l be (-34684)/(-460) + 6/10. Calculate the highest common factor of l and q.
19
Suppose 16*i - 27*i + 1210 = 0. Suppose -8*v = -3*v - i. What is the highest common divisor of v and 22?
22
Let i(u) = 34*u - 22. Let t = -46 + 49. Let g be i(t). What is the highest common factor of 50 and g?
10
Suppose 7*r - 108 = 4*r. Let o = -33 + r. Suppose -143 = -2*t - o*v, t - 54 = -4*v + 20. What is the greatest common div